{"id":194,"date":"2015-09-10T00:53:11","date_gmt":"2015-09-09T21:53:11","guid":{"rendered":"http:\/\/www.ismailbilir.com\/dugun\/login\/"},"modified":"2015-09-10T00:53:11","modified_gmt":"2015-09-09T21:53:11","slug":"login","status":"publish","type":"page","link":"http:\/\/www.ismailbilir.com\/dugun\/login\/","title":{"rendered":"Log In"},"content":{"rendered":"<div class=\"tml tml-login\">\n<div class=\"tml-alerts\"><\/div>\n<form name=\"login\" action=\"http:\/\/www.ismailbilir.com\/dugun\/login\/\" method=\"post\" data-ajax=\"1\">\n<div class=\"tml-field-wrap tml-log-wrap\">\n<label class=\"tml-label\" for=\"user_login\">Kullan\u0131c\u0131 ad\u0131 ya da e-posta adresi<\/label><br \/>\n<input name=\"log\" type=\"text\" value=\"\" id=\"user_login\" autocapitalize=\"off\" class=\"tml-field\">\n<\/div>\n<div class=\"tml-field-wrap tml-pwd-wrap\">\n<label class=\"tml-label\" for=\"user_pass\">Parola<\/label><br \/>\n<input name=\"pwd\" type=\"password\" value=\"\" id=\"user_pass\" class=\"tml-field\">\n<\/div>\n<div class=\"tml-field-wrap tml-rememberme-wrap\">\n<input name=\"rememberme\" type=\"checkbox\" value=\"forever\" id=\"rememberme\" class=\"tml-checkbox\"><br \/>\n<label class=\"tml-label\" for=\"rememberme\">Beni hat\u0131rla<\/label>\n<\/div>\n<div class=\"tml-field-wrap tml-submit-wrap\">\n<button name=\"submit\" type=\"submit\" class=\"tml-button\">Oturum a\u00e7<\/button>\n<\/div>\n<p><input name=\"redirect_to\" type=\"hidden\" value=\"http:\/\/www.ismailbilir.com\/dugun\/wp-admin\/\"><\/p>\n<\/form>\n<ul class=\"tml-links\">\n<li class=\"tml-register-link\"><a href=\"http:\/\/www.ismailbilir.com\/dugun\/register\/\">Hesap a\u00e7<\/a><\/li>\n<li class=\"tml-lostpassword-link\"><a href=\"http:\/\/www.ismailbilir.com\/dugun\/lostpassword\/\">Parolan\u0131z\u0131 m\u0131 unuttunuz?<\/a><\/li>\n<\/ul>\n<\/div>\n","protected":false},"excerpt":{"rendered":"","protected":false},"author":1,"featured_media":0,"parent":0,"menu_order":0,"comment_status":"closed","ping_status":"closed","template":"","meta":{"footnotes":""},"class_list":["post-194","page","type-page","status-publish","hentry"],"_links":{"self":[{"href":"http:\/\/www.ismailbilir.com\/dugun\/wp-json\/wp\/v2\/pages\/194","targetHints":{"allow":["GET"]}}],"collection":[{"href":"http:\/\/www.ismailbilir.com\/dugun\/wp-json\/wp\/v2\/pages"}],"about":[{"href":"http:\/\/www.ismailbilir.com\/dugun\/wp-json\/wp\/v2\/types\/page"}],"author":[{"embeddable":true,"href":"http:\/\/www.ismailbilir.com\/dugun\/wp-json\/wp\/v2\/users\/1"}],"replies":[{"embeddable":true,"href":"http:\/\/www.ismailbilir.com\/dugun\/wp-json\/wp\/v2\/comments?post=194"}],"version-history":[{"count":0,"href":"http:\/\/www.ismailbilir.com\/dugun\/wp-json\/wp\/v2\/pages\/194\/revisions"}],"wp:attachment":[{"href":"http:\/\/www.ismailbilir.com\/dugun\/wp-json\/wp\/v2\/media?parent=194"}],"curies":[{"name":"wp","href":"https:\/\/api.w.org\/{rel}","templated":true}]}}